{"id":776,"date":"2009-04-17T22:34:18","date_gmt":"2009-04-17T20:34:18","guid":{"rendered":"http:\/\/www.magicblur.net\/site\/?page_id=776"},"modified":"2024-11-11T09:05:06","modified_gmt":"2024-11-11T08:05:06","slug":"damon-albarn","status":"publish","type":"page","link":"https:\/\/www.magicblur.net\/site\/discographie\/damon-albarn","title":{"rendered":"Damon Albarn"},"content":{"rendered":"<p><img decoding=\"async\" src=\"..\/..\/discomobile\/traincd.jpg\" alt=\"\" \/><\/p>\n<h2>Trainspotting          Soundtrack<\/h2>\n<p>sorti le 19          f\u00e9vrier 1996 &#8211; Closet Romantic<\/p>\n<hr \/>\n<p><img decoding=\"async\" src=\"..\/..\/discomobile\/raven.jpg\" alt=\"\" \/><\/p>\n<h2>Ravenous          Soundtrack<\/h2>\n<p>3 f\u00e9vrier          1999, avec Michael Nyman<\/p>\n<hr \/>\n<p><img decoding=\"async\" src=\"..\/..\/discomobile\/odc.jpg\" alt=\"\" \/><\/p>\n<h2>Ordinary          Decent Crinimal Soundtrack<\/h2>\n<p>13          mars 2000<\/p>\n<hr \/>\n<p><img decoding=\"async\" src=\"..\/..\/discomobile\/101reykjavik.jpg\" alt=\"\" \/><\/p>\n<h2>101 Reykjavik Soundtrack<\/h2>\n<p>28 mai 2001<\/p>\n<hr \/>\n<h2>Mali          Music<\/h2>\n<p>16          avril 2002, avec Afel Bocoum et Toumani Diabat\u00e9<\/p>\n<hr \/>\n<p><img decoding=\"async\" src=\"..\/..\/news_pics\/demo_cover.jpg\" alt=\"\" \/><\/p>\n<h2>Democrazy<\/h2>\n<p>D\u00e9cembre          2003 (Vynil)<br \/>\n&lsquo;I Need A Gun&rsquo;, &lsquo;Reedz&rsquo;, &lsquo;Half A Song&rsquo;, &lsquo;Five Star Life&rsquo;, &lsquo;A Rappy Song&rsquo;, &lsquo;Back To Mali&rsquo;, &lsquo;I Miss You&rsquo;, &lsquo;Hymn To Moon&rsquo;, &lsquo;Dezert&rsquo;, &lsquo;Sub Species Of An American Day&rsquo;, &lsquo;America Welfare Poem&rsquo;, &lsquo;Saz Theory Book&rsquo;, &lsquo;Gotta Get Down&rsquo;, &lsquo;With The Passing Of Time&rsquo;, &lsquo;End Of Democrazy&rsquo;<\/p>\n","protected":false},"excerpt":{"rendered":"<p>Trainspotting Soundtrack sorti le 19 f\u00e9vrier 1996 &#8211; Closet Romantic Ravenous Soundtrack 3 f\u00e9vrier 1999, avec Michael Nyman Ordinary Decent Crinimal Soundtrack 13 mars 2000 101 Reykjavik Soundtrack 28 mai 2001 Mali Music 16 avril 2002, avec Afel Bocoum et Toumani Diabat\u00e9 Democrazy D\u00e9cembre 2003 (Vynil) &lsquo;I Need A Gun&rsquo;, &lsquo;Reedz&rsquo;, &lsquo;Half A Song&rsquo;, &lsquo;Five [&hellip;]<\/p>\n","protected":false},"author":1,"featured_media":0,"parent":226,"menu_order":5,"comment_status":"closed","ping_status":"open","template":"","meta":{"footnotes":""},"class_list":["post-776","page","type-page","status-publish","hentry"],"yoast_head":"<!-- This site is optimized with the Yoast SEO plugin v26.3 - https:\/\/yoast.com\/wordpress\/plugins\/seo\/ -->\n<title>Damon Albarn - magicblur.net :: un site en fran\u00e7ais sur blur<\/title>\n<meta name=\"robots\" content=\"index, follow, max-snippet:-1, max-image-preview:large, max-video-preview:-1\" \/>\n<link rel=\"canonical\" href=\"https:\/\/www.magicblur.net\/site\/discographie\/damon-albarn\" \/>\n<meta property=\"og:locale\" content=\"fr_FR\" \/>\n<meta property=\"og:type\" content=\"article\" \/>\n<meta property=\"og:title\" content=\"Damon Albarn - magicblur.net :: un site en fran\u00e7ais sur blur\" \/>\n<meta property=\"og:description\" content=\"Trainspotting Soundtrack sorti le 19 f\u00e9vrier 1996 &#8211; Closet Romantic Ravenous Soundtrack 3 f\u00e9vrier 1999, avec Michael Nyman Ordinary Decent Crinimal Soundtrack 13 mars 2000 101 Reykjavik Soundtrack 28 mai 2001 Mali Music 16 avril 2002, avec Afel Bocoum et Toumani Diabat\u00e9 Democrazy D\u00e9cembre 2003 (Vynil) &lsquo;I Need A Gun&rsquo;, &lsquo;Reedz&rsquo;, &lsquo;Half A Song&rsquo;, &lsquo;Five [&hellip;]\" \/>\n<meta property=\"og:url\" content=\"https:\/\/www.magicblur.net\/site\/discographie\/damon-albarn\" \/>\n<meta property=\"og:site_name\" content=\"magicblur.net :: un site en fran\u00e7ais sur blur\" \/>\n<meta property=\"article:modified_time\" content=\"2024-11-11T08:05:06+00:00\" \/>\n<meta name=\"twitter:card\" content=\"summary_large_image\" \/>\n<script type=\"application\/ld+json\" class=\"yoast-schema-graph\">{\"@context\":\"https:\/\/schema.org\",\"@graph\":[{\"@type\":\"WebPage\",\"@id\":\"https:\/\/www.magicblur.net\/site\/discographie\/damon-albarn\",\"url\":\"https:\/\/www.magicblur.net\/site\/discographie\/damon-albarn\",\"name\":\"Damon Albarn - magicblur.net :: un site en fran\u00e7ais sur blur\",\"isPartOf\":{\"@id\":\"\/#website\"},\"datePublished\":\"2009-04-17T20:34:18+00:00\",\"dateModified\":\"2024-11-11T08:05:06+00:00\",\"breadcrumb\":{\"@id\":\"https:\/\/www.magicblur.net\/site\/discographie\/damon-albarn#breadcrumb\"},\"inLanguage\":\"fr-FR\",\"potentialAction\":[{\"@type\":\"ReadAction\",\"target\":[\"https:\/\/www.magicblur.net\/site\/discographie\/damon-albarn\"]}]},{\"@type\":\"BreadcrumbList\",\"@id\":\"https:\/\/www.magicblur.net\/site\/discographie\/damon-albarn#breadcrumb\",\"itemListElement\":[{\"@type\":\"ListItem\",\"position\":1,\"name\":\"Accueil\",\"item\":\"https:\/\/www.magicblur.net\/site\/discographie\"},{\"@type\":\"ListItem\",\"position\":2,\"name\":\"Damon Albarn\"}]},{\"@type\":\"WebSite\",\"@id\":\"\/#website\",\"url\":\"\/\",\"name\":\"magicblur.net :: un site en fran\u00e7ais sur blur\",\"description\":\"Un site en fran\u00e7ais sur blur\",\"potentialAction\":[{\"@type\":\"SearchAction\",\"target\":{\"@type\":\"EntryPoint\",\"urlTemplate\":\"\/?s={search_term_string}\"},\"query-input\":{\"@type\":\"PropertyValueSpecification\",\"valueRequired\":true,\"valueName\":\"search_term_string\"}}],\"inLanguage\":\"fr-FR\"}]}<\/script>\n<!-- \/ Yoast SEO plugin. -->","yoast_head_json":{"title":"Damon Albarn - magicblur.net :: un site en fran\u00e7ais sur blur","robots":{"index":"index","follow":"follow","max-snippet":"max-snippet:-1","max-image-preview":"max-image-preview:large","max-video-preview":"max-video-preview:-1"},"canonical":"https:\/\/www.magicblur.net\/site\/discographie\/damon-albarn","og_locale":"fr_FR","og_type":"article","og_title":"Damon Albarn - magicblur.net :: un site en fran\u00e7ais sur blur","og_description":"Trainspotting Soundtrack sorti le 19 f\u00e9vrier 1996 &#8211; Closet Romantic Ravenous Soundtrack 3 f\u00e9vrier 1999, avec Michael Nyman Ordinary Decent Crinimal Soundtrack 13 mars 2000 101 Reykjavik Soundtrack 28 mai 2001 Mali Music 16 avril 2002, avec Afel Bocoum et Toumani Diabat\u00e9 Democrazy D\u00e9cembre 2003 (Vynil) &lsquo;I Need A Gun&rsquo;, &lsquo;Reedz&rsquo;, &lsquo;Half A Song&rsquo;, &lsquo;Five [&hellip;]","og_url":"https:\/\/www.magicblur.net\/site\/discographie\/damon-albarn","og_site_name":"magicblur.net :: un site en fran\u00e7ais sur blur","article_modified_time":"2024-11-11T08:05:06+00:00","twitter_card":"summary_large_image","schema":{"@context":"https:\/\/schema.org","@graph":[{"@type":"WebPage","@id":"https:\/\/www.magicblur.net\/site\/discographie\/damon-albarn","url":"https:\/\/www.magicblur.net\/site\/discographie\/damon-albarn","name":"Damon Albarn - magicblur.net :: un site en fran\u00e7ais sur blur","isPartOf":{"@id":"\/#website"},"datePublished":"2009-04-17T20:34:18+00:00","dateModified":"2024-11-11T08:05:06+00:00","breadcrumb":{"@id":"https:\/\/www.magicblur.net\/site\/discographie\/damon-albarn#breadcrumb"},"inLanguage":"fr-FR","potentialAction":[{"@type":"ReadAction","target":["https:\/\/www.magicblur.net\/site\/discographie\/damon-albarn"]}]},{"@type":"BreadcrumbList","@id":"https:\/\/www.magicblur.net\/site\/discographie\/damon-albarn#breadcrumb","itemListElement":[{"@type":"ListItem","position":1,"name":"Accueil","item":"https:\/\/www.magicblur.net\/site\/discographie"},{"@type":"ListItem","position":2,"name":"Damon Albarn"}]},{"@type":"WebSite","@id":"\/#website","url":"\/","name":"magicblur.net :: un site en fran\u00e7ais sur blur","description":"Un site en fran\u00e7ais sur blur","potentialAction":[{"@type":"SearchAction","target":{"@type":"EntryPoint","urlTemplate":"\/?s={search_term_string}"},"query-input":{"@type":"PropertyValueSpecification","valueRequired":true,"valueName":"search_term_string"}}],"inLanguage":"fr-FR"}]}},"_links":{"self":[{"href":"https:\/\/www.magicblur.net\/site\/wp-json\/wp\/v2\/pages\/776","targetHints":{"allow":["GET"]}}],"collection":[{"href":"https:\/\/www.magicblur.net\/site\/wp-json\/wp\/v2\/pages"}],"about":[{"href":"https:\/\/www.magicblur.net\/site\/wp-json\/wp\/v2\/types\/page"}],"author":[{"embeddable":true,"href":"https:\/\/www.magicblur.net\/site\/wp-json\/wp\/v2\/users\/1"}],"replies":[{"embeddable":true,"href":"https:\/\/www.magicblur.net\/site\/wp-json\/wp\/v2\/comments?post=776"}],"version-history":[{"count":1,"href":"https:\/\/www.magicblur.net\/site\/wp-json\/wp\/v2\/pages\/776\/revisions"}],"predecessor-version":[{"id":1549,"href":"https:\/\/www.magicblur.net\/site\/wp-json\/wp\/v2\/pages\/776\/revisions\/1549"}],"up":[{"embeddable":true,"href":"https:\/\/www.magicblur.net\/site\/wp-json\/wp\/v2\/pages\/226"}],"wp:attachment":[{"href":"https:\/\/www.magicblur.net\/site\/wp-json\/wp\/v2\/media?parent=776"}],"curies":[{"name":"wp","href":"https:\/\/api.w.org\/{rel}","templated":true}]}}