{"id":1448,"date":"2019-08-26T18:33:21","date_gmt":"2019-08-26T17:33:21","guid":{"rendered":"http:\/\/www.magicblur.net\/site\/?page_id=1448"},"modified":"2024-11-11T09:05:05","modified_gmt":"2024-11-11T08:05:05","slug":"blur-tour","status":"publish","type":"page","link":"https:\/\/www.magicblur.net\/site\/blur-tour","title":{"rendered":"blur Tour"},"content":{"rendered":"\n<p>Photos de la tourn\u00e9e blur, 1997<\/p>\n<p>Cr\u00e9dits indiqu\u00e9s sur les photos<\/p>\n<p>\u00a0<\/p>\n<p>\u00a0<\/p>\n\n\n\n<ul class=\"wp-block-gallery columns-4 is-cropped wp-block-gallery-1 is-layout-flex wp-block-gallery-is-layout-flex\"><li class=\"blocks-gallery-item\"><figure><img loading=\"lazy\" decoding=\"async\" width=\"305\" height=\"246\" src=\"https:\/\/www.magicblur.net\/site\/wp-content\/uploads\/2019\/08\/damon97.jpg\" alt=\"\" data-id=\"1449\" data-link=\"https:\/\/www.magicblur.net\/site\/?attachment_id=1449\" class=\"wp-image-1449\" srcset=\"https:\/\/www.magicblur.net\/site\/wp-content\/uploads\/2019\/08\/damon97.jpg 305w, https:\/\/www.magicblur.net\/site\/wp-content\/uploads\/2019\/08\/damon97-300x242.jpg 300w\" sizes=\"auto, (max-width: 305px) 100vw, 305px\" \/><\/figure><\/li><li class=\"blocks-gallery-item\"><figure><img loading=\"lazy\" decoding=\"async\" width=\"219\" height=\"311\" src=\"https:\/\/www.magicblur.net\/site\/wp-content\/uploads\/2019\/08\/dsing.jpg\" alt=\"\" data-id=\"1450\" data-link=\"https:\/\/www.magicblur.net\/site\/?attachment_id=1450\" class=\"wp-image-1450\" srcset=\"https:\/\/www.magicblur.net\/site\/wp-content\/uploads\/2019\/08\/dsing.jpg 219w, https:\/\/www.magicblur.net\/site\/wp-content\/uploads\/2019\/08\/dsing-211x300.jpg 211w\" sizes=\"auto, (max-width: 219px) 100vw, 219px\" \/><\/figure><\/li><li class=\"blocks-gallery-item\"><figure><img loading=\"lazy\" decoding=\"async\" width=\"208\" height=\"256\" src=\"https:\/\/www.magicblur.net\/site\/wp-content\/uploads\/2019\/08\/gdlive.jpg\" alt=\"\" data-id=\"1451\" data-link=\"https:\/\/www.magicblur.net\/site\/?attachment_id=1451\" class=\"wp-image-1451\"\/><\/figure><\/li><li class=\"blocks-gallery-item\"><figure><img loading=\"lazy\" decoding=\"async\" width=\"218\" height=\"353\" src=\"https:\/\/www.magicblur.net\/site\/wp-content\/uploads\/2019\/08\/graham97.jpg\" alt=\"\" data-id=\"1452\" data-link=\"https:\/\/www.magicblur.net\/site\/?attachment_id=1452\" class=\"wp-image-1452\" srcset=\"https:\/\/www.magicblur.net\/site\/wp-content\/uploads\/2019\/08\/graham97.jpg 218w, https:\/\/www.magicblur.net\/site\/wp-content\/uploads\/2019\/08\/graham97-185x300.jpg 185w\" sizes=\"auto, (max-width: 218px) 100vw, 218px\" \/><\/figure><\/li><\/ul>\n","protected":false},"excerpt":{"rendered":"<p>Photos de la tourn\u00e9e blur, 1997 Cr\u00e9dits indiqu\u00e9s sur les photos \u00a0 \u00a0<\/p>\n","protected":false},"author":1,"featured_media":0,"parent":0,"menu_order":0,"comment_status":"closed","ping_status":"closed","template":"","meta":{"footnotes":""},"class_list":["post-1448","page","type-page","status-publish","hentry"],"yoast_head":"<!-- This site is optimized with the Yoast SEO plugin v26.3 - https:\/\/yoast.com\/wordpress\/plugins\/seo\/ -->\n<title>blur Tour - magicblur.net :: un site en fran\u00e7ais sur blur<\/title>\n<meta name=\"robots\" content=\"index, follow, max-snippet:-1, max-image-preview:large, max-video-preview:-1\" \/>\n<link rel=\"canonical\" href=\"https:\/\/www.magicblur.net\/site\/blur-tour\" \/>\n<meta property=\"og:locale\" content=\"fr_FR\" \/>\n<meta property=\"og:type\" content=\"article\" \/>\n<meta property=\"og:title\" content=\"blur Tour - magicblur.net :: un site en fran\u00e7ais sur blur\" \/>\n<meta property=\"og:description\" content=\"Photos de la tourn\u00e9e blur, 1997 Cr\u00e9dits indiqu\u00e9s sur les photos \u00a0 \u00a0\" \/>\n<meta property=\"og:url\" content=\"https:\/\/www.magicblur.net\/site\/blur-tour\" \/>\n<meta property=\"og:site_name\" content=\"magicblur.net :: un site en fran\u00e7ais sur blur\" \/>\n<meta property=\"article:modified_time\" content=\"2024-11-11T08:05:05+00:00\" \/>\n<meta property=\"og:image\" content=\"https:\/\/www.magicblur.net\/site\/wp-content\/uploads\/2019\/08\/damon97.jpg\" \/>\n<meta name=\"twitter:card\" content=\"summary_large_image\" \/>\n<script type=\"application\/ld+json\" class=\"yoast-schema-graph\">{\"@context\":\"https:\/\/schema.org\",\"@graph\":[{\"@type\":\"WebPage\",\"@id\":\"https:\/\/www.magicblur.net\/site\/blur-tour\",\"url\":\"https:\/\/www.magicblur.net\/site\/blur-tour\",\"name\":\"blur Tour - magicblur.net :: un site en fran\u00e7ais sur blur\",\"isPartOf\":{\"@id\":\"\/#website\"},\"primaryImageOfPage\":{\"@id\":\"https:\/\/www.magicblur.net\/site\/blur-tour#primaryimage\"},\"image\":{\"@id\":\"https:\/\/www.magicblur.net\/site\/blur-tour#primaryimage\"},\"thumbnailUrl\":\"https:\/\/www.magicblur.net\/site\/wp-content\/uploads\/2019\/08\/damon97.jpg\",\"datePublished\":\"2019-08-26T17:33:21+00:00\",\"dateModified\":\"2024-11-11T08:05:05+00:00\",\"inLanguage\":\"fr-FR\",\"potentialAction\":[{\"@type\":\"ReadAction\",\"target\":[\"https:\/\/www.magicblur.net\/site\/blur-tour\"]}]},{\"@type\":\"ImageObject\",\"inLanguage\":\"fr-FR\",\"@id\":\"https:\/\/www.magicblur.net\/site\/blur-tour#primaryimage\",\"url\":\"https:\/\/www.magicblur.net\/site\/wp-content\/uploads\/2019\/08\/damon97.jpg\",\"contentUrl\":\"https:\/\/www.magicblur.net\/site\/wp-content\/uploads\/2019\/08\/damon97.jpg\",\"width\":305,\"height\":246},{\"@type\":\"WebSite\",\"@id\":\"\/#website\",\"url\":\"\/\",\"name\":\"magicblur.net :: un site en fran\u00e7ais sur blur\",\"description\":\"Un site en fran\u00e7ais sur blur\",\"potentialAction\":[{\"@type\":\"SearchAction\",\"target\":{\"@type\":\"EntryPoint\",\"urlTemplate\":\"\/?s={search_term_string}\"},\"query-input\":{\"@type\":\"PropertyValueSpecification\",\"valueRequired\":true,\"valueName\":\"search_term_string\"}}],\"inLanguage\":\"fr-FR\"}]}<\/script>\n<!-- \/ Yoast SEO plugin. -->","yoast_head_json":{"title":"blur Tour - magicblur.net :: un site en fran\u00e7ais sur blur","robots":{"index":"index","follow":"follow","max-snippet":"max-snippet:-1","max-image-preview":"max-image-preview:large","max-video-preview":"max-video-preview:-1"},"canonical":"https:\/\/www.magicblur.net\/site\/blur-tour","og_locale":"fr_FR","og_type":"article","og_title":"blur Tour - magicblur.net :: un site en fran\u00e7ais sur blur","og_description":"Photos de la tourn\u00e9e blur, 1997 Cr\u00e9dits indiqu\u00e9s sur les photos \u00a0 \u00a0","og_url":"https:\/\/www.magicblur.net\/site\/blur-tour","og_site_name":"magicblur.net :: un site en fran\u00e7ais sur blur","article_modified_time":"2024-11-11T08:05:05+00:00","og_image":[{"url":"https:\/\/www.magicblur.net\/site\/wp-content\/uploads\/2019\/08\/damon97.jpg","type":"","width":"","height":""}],"twitter_card":"summary_large_image","schema":{"@context":"https:\/\/schema.org","@graph":[{"@type":"WebPage","@id":"https:\/\/www.magicblur.net\/site\/blur-tour","url":"https:\/\/www.magicblur.net\/site\/blur-tour","name":"blur Tour - magicblur.net :: un site en fran\u00e7ais sur blur","isPartOf":{"@id":"\/#website"},"primaryImageOfPage":{"@id":"https:\/\/www.magicblur.net\/site\/blur-tour#primaryimage"},"image":{"@id":"https:\/\/www.magicblur.net\/site\/blur-tour#primaryimage"},"thumbnailUrl":"https:\/\/www.magicblur.net\/site\/wp-content\/uploads\/2019\/08\/damon97.jpg","datePublished":"2019-08-26T17:33:21+00:00","dateModified":"2024-11-11T08:05:05+00:00","inLanguage":"fr-FR","potentialAction":[{"@type":"ReadAction","target":["https:\/\/www.magicblur.net\/site\/blur-tour"]}]},{"@type":"ImageObject","inLanguage":"fr-FR","@id":"https:\/\/www.magicblur.net\/site\/blur-tour#primaryimage","url":"https:\/\/www.magicblur.net\/site\/wp-content\/uploads\/2019\/08\/damon97.jpg","contentUrl":"https:\/\/www.magicblur.net\/site\/wp-content\/uploads\/2019\/08\/damon97.jpg","width":305,"height":246},{"@type":"WebSite","@id":"\/#website","url":"\/","name":"magicblur.net :: un site en fran\u00e7ais sur blur","description":"Un site en fran\u00e7ais sur blur","potentialAction":[{"@type":"SearchAction","target":{"@type":"EntryPoint","urlTemplate":"\/?s={search_term_string}"},"query-input":{"@type":"PropertyValueSpecification","valueRequired":true,"valueName":"search_term_string"}}],"inLanguage":"fr-FR"}]}},"_links":{"self":[{"href":"https:\/\/www.magicblur.net\/site\/wp-json\/wp\/v2\/pages\/1448","targetHints":{"allow":["GET"]}}],"collection":[{"href":"https:\/\/www.magicblur.net\/site\/wp-json\/wp\/v2\/pages"}],"about":[{"href":"https:\/\/www.magicblur.net\/site\/wp-json\/wp\/v2\/types\/page"}],"author":[{"embeddable":true,"href":"https:\/\/www.magicblur.net\/site\/wp-json\/wp\/v2\/users\/1"}],"replies":[{"embeddable":true,"href":"https:\/\/www.magicblur.net\/site\/wp-json\/wp\/v2\/comments?post=1448"}],"version-history":[{"count":1,"href":"https:\/\/www.magicblur.net\/site\/wp-json\/wp\/v2\/pages\/1448\/revisions"}],"predecessor-version":[{"id":1453,"href":"https:\/\/www.magicblur.net\/site\/wp-json\/wp\/v2\/pages\/1448\/revisions\/1453"}],"wp:attachment":[{"href":"https:\/\/www.magicblur.net\/site\/wp-json\/wp\/v2\/media?parent=1448"}],"curies":[{"name":"wp","href":"https:\/\/api.w.org\/{rel}","templated":true}]}}